{"id":10314,"date":"2023-08-15T00:23:09","date_gmt":"2023-08-15T00:23:09","guid":{"rendered":"https:\/\/laserfanatics.com\/?post_type=product&#038;p=10314"},"modified":"2026-02-11T16:59:13","modified_gmt":"2026-02-11T14:59:13","slug":"ooono-park-elektronische-parkscheibe-mit-zulassung-furs-auto-automatische-digitale-parkscheibe-elektrisch-mit-zulassung-vom","status":"publish","type":"product","link":"https:\/\/laserfanatics.com\/index.php\/product\/ooono-park-elektronische-parkscheibe-mit-zulassung-furs-auto-automatische-digitale-parkscheibe-elektrisch-mit-zulassung-vom\/","title":{"rendered":"ooono Park &#8211; Elektronische Parkscheibe mit Zulassung f\u00fcrs Auto &#8211; Automatische Digitale Parkscheibe Elektrisch mit Zulassung vom"},"content":{"rendered":"<div style=\"width: 640px;\" class=\"wp-video\"><video class=\"wp-video-shortcode\" id=\"video-10314-1\" width=\"640\" height=\"360\" preload=\"metadata\" controls=\"controls\"><source type=\"video\/mp4\" src=\"https:\/\/m.media-amazon.com\/images\/S\/vse-vms-transcoding-artifact-eu-west-1-prod\/0964c9e9-bbbd-44f0-8c31-564fd5dab805\/default.jobtemplate.mp4.480.mp4?_=1\" \/><a href=\"https:\/\/m.media-amazon.com\/images\/S\/vse-vms-transcoding-artifact-eu-west-1-prod\/0964c9e9-bbbd-44f0-8c31-564fd5dab805\/default.jobtemplate.mp4.480.mp4\">https:\/\/m.media-amazon.com\/images\/S\/vse-vms-transcoding-artifact-eu-west-1-prod\/0964c9e9-bbbd-44f0-8c31-564fd5dab805\/default.jobtemplate.mp4.480.mp4<\/a><\/video><\/div>\n<div id=\"aplus\" class=\"a-section a-spacing-large bucket\">\n<hr class=\"bucketDivider\" noshade=\"noshade\" size=\"1\" \/>\n<h2>Produktinformation<\/h2>\n<div class=\"aplus-v2 desktop celwidget\" data-csa-c-id=\"8hg604-j1axi3-57km8j-h0ki7d\" data-cel-widget=\"aplus\">\n<div class=\"celwidget aplus-module 3p-module-b aplus-standard\" data-csa-c-id=\"jctx63-3biaxy-vy8vp7-2kne3g\" data-cel-widget=\"aplus-3p-module-b\">\n<div class=\"aplus-module-wrapper aplus-3p-fixed-width\">\n<p><img decoding=\"async\" class=\"a-spacing-base\" src=\"https:\/\/laserfanatics.com\/wp-content\/uploads\/2023\/08\/b3e06875-1a4d-43c0-93ff-97d11844dcd2.__CR0019401200_PT0_SX970_V1___.jpg\" alt=\"blue_park\" data-src=\"https:\/\/m.media-amazon.com\/images\/S\/aplus-media-library-service-media\/b3e06875-1a4d-43c0-93ff-97d11844dcd2.__CR0,0,1940,1200_PT0_SX970_V1___.png\" \/><\/p>\n<h3 class=\"a-spacing-mini\">OOONO PARK &#8211; F\u00dcR DEN MODERNEN AUTOFAHRER<\/h3>\n<p class=\"a-spacing-base\">Die OOONO PARK ist eine kleine, aber funktionsreiche elektronische Parkscheibe. Zeit ist Geld, sagt man. Und das gilt im wahrsten Sinne des Wortes, wenn es ums Parken geht. Vergisst du, deine Parkzeit einzustellen, kann dies teuer werden. Mit OOONO PARK erh\u00e4ltst du eine sch\u00f6ne elektronische Parkscheibe, die sich automatisch um deine Zeitmessung k\u00fcmmert. Patentierte Algorithmen sorgen daf\u00fcr, dass deine Parkzeit automatisch angezeigt wird, sobald das Auto anh\u00e4lt. Endlich kannst du dich von Strafzetteln f\u00fcr Parkverst\u00f6\u00dfe verabschieden.<\/p>\n<p class=\"a-spacing-base\">Inspiriert von d\u00e4nischen Designtraditionen und dem minimalistischen Stil hat unser Team von Produktspezialisten eine elektronische Parkscheibe entworfen, die alle Anforderungen des modernen Autofahrers erf\u00fcllt: klein, einfach zu bedienen und optisch ansprechend. OOONO PARK wird mit Magnethalterungen und einer Front aus geb\u00fcrstetem Stahl geliefert. Die perfekte Erg\u00e4nzung f\u00fcr jedes Auto. Tippe einfach auf die Parkscheibe, um die Batterie zu wechseln oder die Zeit bei Bedarf manuell vorzuspulen.<\/p>\n<\/div>\n<\/div>\n<div class=\"celwidget aplus-module module-4 aplus-standard\" data-csa-c-id=\"ms3mpa-xkgv9i-jhendl-gphu6d\" data-cel-widget=\"aplus-module-4\">\n<div class=\"aplus-module-wrapper apm-fixed-width\">\n<div class=\"apm-spacing\">\n<div class=\"apm-floatleft apm-fixed-width\">\n<div class=\"apm-spacing\">\n<table class=\"apm-fixed-width apm-fourthcol-table\">\n<tbody>\n<tr>\n<th class=\"apm-center\">\n<div class=\"apm-fourthcol\">\n<p><img decoding=\"async\" class=\"\" src=\"https:\/\/laserfanatics.com\/wp-content\/uploads\/2023\/08\/f1776d01-4049-4507-85f0-f747d5b6e69a.__CR0013101310_PT0_SX220_V1___.jpg\" alt=\"park_blue1\" data-src=\"https:\/\/m.media-amazon.com\/images\/S\/aplus-media-library-service-media\/f1776d01-4049-4507-85f0-f747d5b6e69a.__CR0,0,1310,1310_PT0_SX220_V1___.png\" \/><\/p>\n<\/div>\n<\/th>\n<th class=\"apm-center\">\n<div class=\"apm-fourthcol\">\n<p><img decoding=\"async\" class=\"\" src=\"https:\/\/laserfanatics.com\/wp-content\/uploads\/2023\/08\/1f686ec9-e320-4460-beef-b0cd36b9c2d9.__CR0026012601_PT0_SX220_V1___.jpg\" alt=\"electronische parkscheibe\" data-src=\"https:\/\/m.media-amazon.com\/images\/S\/aplus-media-library-service-media\/1f686ec9-e320-4460-beef-b0cd36b9c2d9.__CR0,0,2601,2601_PT0_SX220_V1___.jpg\" \/><\/p>\n<\/div>\n<\/th>\n<th class=\"apm-center\">\n<div class=\"apm-fourthcol\">\n<p><img decoding=\"async\" class=\"\" src=\"https:\/\/laserfanatics.com\/wp-content\/uploads\/2023\/08\/2f831b01-4d5f-462d-9f7b-986eaf95d8d4.__CR0013101310_PT0_SX220_V1___.jpg\" alt=\"park_blue3\" data-src=\"https:\/\/m.media-amazon.com\/images\/S\/aplus-media-library-service-media\/2f831b01-4d5f-462d-9f7b-986eaf95d8d4.__CR0,0,1310,1310_PT0_SX220_V1___.png\" \/><\/p>\n<\/div>\n<\/th>\n<th class=\"apm-center\">\n<div class=\"apm-fourthcol\">\n<p><img decoding=\"async\" class=\"\" src=\"https:\/\/laserfanatics.com\/wp-content\/uploads\/2023\/08\/70624e4f-0d1b-4a76-9fb3-3d1989d5fec8.__CR0013101310_PT0_SX220_V1___.jpg\" alt=\"park_blue2\" data-src=\"https:\/\/m.media-amazon.com\/images\/S\/aplus-media-library-service-media\/70624e4f-0d1b-4a76-9fb3-3d1989d5fec8.__CR0,0,1310,1310_PT0_SX220_V1___.png\" \/><\/p>\n<\/div>\n<\/th>\n<\/tr>\n<tr>\n<td class=\"apm-top\">\n<div class=\"apm-fourthcol\">\n<h4 class=\"a-spacing-mini\">Magnethalterung<\/h4>\n<p class=\"a-size-small\">Im Gegensatz zu anderen Parkscheiben wird OOONO PARK mit magnetischen Halterungen geliefert. Wieso? Weil es dir die Handhabung deiner Parkscheibe erleichtert. Tippe einfach auf die Parkscheibe, um die Uhrzeit manuell einzustellen oder die Batterie zu wechseln. Es war noch nie einfacher.<\/p>\n<\/div>\n<\/td>\n<td class=\"apm-top\">\n<div class=\"apm-fourthcol\">\n<h4 class=\"a-spacing-mini\">Klein aber oho<\/h4>\n<p class=\"a-size-small\">Warum solltest du OOONO PARK kaufen? Weil du die Freiheit haben m\u00f6chtest, dich nie wieder um das Einstellen deiner Parkzeit k\u00fcmmern zu m\u00fcssen. Alles geschieht automatisch, sodass du dein Geld f\u00fcr sch\u00f6nere Dinge als Parkgeb\u00fchren ausgeben kannst.<\/p>\n<\/div>\n<\/td>\n<td class=\"apm-top\">\n<div class=\"apm-fourthcol\">\n<h4 class=\"a-spacing-mini\">Perfekte Erg\u00e4nzung f\u00fcr jedes Auto<\/h4>\n<p class=\"a-size-small\">Vielleicht geht es dir wie uns und dir ist das Aussehen deines Autos auch wichtig. Wir glauben, dass OOONO PARK die einzige Parkscheibe ist, die dein Auto wirklich perfekt erg\u00e4nzt. Das cleane Design passt zu jedem Auto \u2013 von BMW bis Skoda.<\/p>\n<\/div>\n<\/td>\n<td class=\"apm-top\">\n<div class=\"apm-fourthcol\">\n<h4 class=\"a-spacing-mini\">KBA genehmigt &#8211; legale Nutzung!<\/h4>\n<p class=\"a-size-small\">Die Parkscheibe OOONO PARK ist in Deutschland legal. Sie ist vom T\u00dcV NORD gepr\u00fcft und vom Kraftfahrt-Bundesamt zugelassen. Es gibt wirklich keinen Grund, weshalb du dich nicht mit diesem unverzichtbaren Gadget f\u00fcr dein Auto belohnen solltest.<\/p>\n<\/div>\n<\/td>\n<\/tr>\n<\/tbody>\n<\/table>\n<\/div>\n<\/div>\n<\/div>\n<\/div>\n<div style=\"clear: both;\"><\/div>\n<\/div>\n<div class=\"celwidget aplus-module module-16-tech-specs aplus-standard\" data-csa-c-id=\"85c79q-3z634u-q5nusc-88h4kk\" data-cel-widget=\"aplus-module-16-tech-specs\">\n<div class=\"a-section a-spacing-large aplus-module-wrapper apm-fixed-width aplus-index-2\">\n<div class=\"a-row\">\n<div class=\"a-column a-span12 aplus-tech-spec-hide-loading\">\n<table class=\"a-bordered a-horizontal-stripes aplus-tech-spec-table\">\n<tbody>\n<tr>\n<td class=\"a-text-bold\">Battery<\/td>\n<td>CR2450 \/ 2 years<\/td>\n<\/tr>\n<tr>\n<td class=\"a-text-bold\">Size<\/td>\n<td>\u00d860<\/td>\n<\/tr>\n<tr>\n<td class=\"a-text-bold\">Farbe<\/td>\n<td>Blau<\/td>\n<\/tr>\n<tr>\n<td class=\"a-text-bold\">Legal<\/td>\n<td>KBA zertifizert<\/td>\n<\/tr>\n<tr>\n<td class=\"a-text-bold\">Display<\/td>\n<td>Automatic time displayed<\/td>\n<\/tr>\n<tr>\n<td class=\"a-text-bold\">Aluminium<\/td>\n<td>CNC front<\/td>\n<\/tr>\n<tr>\n<td class=\"a-text-bold\">Magnets<\/td>\n<td>Magnetic mounts for easy handling \/ removal<\/td>\n<\/tr>\n<\/tbody>\n<\/table>\n<\/div>\n<\/div>\n<\/div>\n<\/div>\n<div class=\"celwidget aplus-module module-11 aplus-standard\" data-csa-c-id=\"juuwvq-n8pm39-we3sxr-ohi5tq\" data-cel-widget=\"aplus-module-11\">\n<div class=\"aplus-module-wrapper apm-spacing apm-floatnone apm-fixed-width\">\n<div class=\"apm-sidemodule aplus-module-content\">\n<div class=\"apm-hero-image\"><img decoding=\"async\" class=\"\" src=\"https:\/\/laserfanatics.com\/wp-content\/uploads\/2023\/08\/8f40034c-81b0-48a8-8b4e-c9639b79baf4.__CR001940600_PT0_SX970_V1___.jpg\" alt=\"park\" data-src=\"https:\/\/m.media-amazon.com\/images\/S\/aplus-media-library-service-media\/8f40034c-81b0-48a8-8b4e-c9639b79baf4.__CR0,0,1940,600_PT0_SX970_V1___.png\" \/><\/div>\n<\/div>\n<\/div>\n<div style=\"clear: both;\"><\/div>\n<\/div>\n<\/div>\n<\/div>\n<div id=\"important-information\" class=\"a-section a-spacing-extra-large bucket\">\n<h2>Wichtige Informationen<\/h2>\n<div class=\"a-section content\">\n<h4>Haftungsausschluss<\/h4>\n<p>GEPR\u00dcFT &amp; LEGAL: Unser n\u00fctzliches Auto-Gadget wurde vom T\u00dcV NORD und Kraftfahrt-Bundesamt getestet und zugelassen (ECE-Genehmigung Nr. 10R-069426)<\/p>\n<\/div>\n<\/div>\n","protected":false},"excerpt":{"rendered":"<div id=\"productOverview_feature_div\" class=\"celwidget\" data-feature-name=\"productOverview\" data-csa-c-type=\"widget\" data-csa-c-content-id=\"productOverview\" data-csa-c-slot-id=\"productOverview_feature_div\" data-csa-c-asin=\"B0B77TX62C\" data-csa-c-is-in-initial-active-row=\"false\" data-csa-c-id=\"u5zgw1-wzbdjb-9cjedm-ti6551\" data-cel-widget=\"productOverview_feature_div\"><\/div>\n<div>\n<ul>\n<li class=\"a-spacing-mini\"><span class=\"a-list-item\"> KLEIN, ABER OHO: Unsere vollautomatische Parkscheibe ist nicht nur die kleinste ihrer Art, sondern erspart Dir auch das l\u00e4stige Einstellen der Parkscheibe und sieht dabei auch noch unglaublich gut aus. <\/span><\/li>\n<li class=\"a-spacing-mini\"><span class=\"a-list-item\"> NIE WIEDER PARKSCHEIBE VERGESSEN: Kn\u00f6llchen waren gestern &#8211; OOONO l\u00e4utet ein neues Zeitalter der Parkzeit-\u00dcberwachung ein! Bei Stillstand Deines Autos stellt sich Deine Parkscheibe in weniger als 60 Sekunden selbst ein. Ohne, dass du daf\u00fcr einen Finger r\u00fchren musst. <\/span><\/li>\n<li class=\"a-spacing-mini\"><span class=\"a-list-item\"> FEST AN DER WINDSCHUTZSCHEIBE: Deine Parkscheibe ist zu jeder Zeit an Deiner Windschutzscheibe befestigt. Nur so, kann die Vibration des Autos wahrgenommen und die Parkzeit automatisch korrekt eingestellt werden. Nur f\u00fcr einen Batteriewechsel muss die Parkscheibe von den Magneten entfernt werden. <\/span><\/li>\n<li class=\"a-spacing-mini\"><span class=\"a-list-item\"> D\u00c4NISCHES DESIGN: Dank d\u00e4nischem, patentiertem Design mit OOONO Neo-Magneten ist unsere Parkscheibe nicht nur kompakt, sondern l\u00e4sst sich auch ganz leicht an der Windschutzscheibe anbringen. <\/span><\/li>\n<li class=\"a-spacing-mini\"><span class=\"a-list-item\"> KEINE APP BEN\u00d6TIGT: Einmal an der Windschutzscheibe befestigt, schon geht&#8217;s los. Du ben\u00f6tigst keine App und musst die Parkscheibe auch nicht mit deinem Smartphone verbinden. <\/span><\/li>\n<\/ul>\n<\/div>\n","protected":false},"featured_media":10294,"comment_status":"open","ping_status":"closed","template":"","meta":[],"product_cat":[555],"product_tag":[],"class_list":["post-10314","product","type-product","status-publish","has-post-thumbnail","hentry","product_cat-navigation-gps-zubehor"],"_links":{"self":[{"href":"https:\/\/laserfanatics.com\/index.php\/wp-json\/wp\/v2\/product\/10314","targetHints":{"allow":["GET"]}}],"collection":[{"href":"https:\/\/laserfanatics.com\/index.php\/wp-json\/wp\/v2\/product"}],"about":[{"href":"https:\/\/laserfanatics.com\/index.php\/wp-json\/wp\/v2\/types\/product"}],"replies":[{"embeddable":true,"href":"https:\/\/laserfanatics.com\/index.php\/wp-json\/wp\/v2\/comments?post=10314"}],"version-history":[{"count":2,"href":"https:\/\/laserfanatics.com\/index.php\/wp-json\/wp\/v2\/product\/10314\/revisions"}],"predecessor-version":[{"id":11112,"href":"https:\/\/laserfanatics.com\/index.php\/wp-json\/wp\/v2\/product\/10314\/revisions\/11112"}],"wp:featuredmedia":[{"embeddable":true,"href":"https:\/\/laserfanatics.com\/index.php\/wp-json\/wp\/v2\/media\/10294"}],"wp:attachment":[{"href":"https:\/\/laserfanatics.com\/index.php\/wp-json\/wp\/v2\/media?parent=10314"}],"wp:term":[{"taxonomy":"product_cat","embeddable":true,"href":"https:\/\/laserfanatics.com\/index.php\/wp-json\/wp\/v2\/product_cat?post=10314"},{"taxonomy":"product_tag","embeddable":true,"href":"https:\/\/laserfanatics.com\/index.php\/wp-json\/wp\/v2\/product_tag?post=10314"}],"curies":[{"name":"wp","href":"https:\/\/api.w.org\/{rel}","templated":true}]}}